 q.
14
Suppose -b = -4, -b - 32 = -4*j + b. Let x = 1 + -1. Calculate the remainder when 37/((2 - 1) + x) is divided by j.
7
Let b = -24 + 223. Let x = -108 + b. Suppose 0 = 5*u - x - 34. What is the remainder when 97 is divided by u?
22
Let q = 38 + -67. Calculate the remainder when 61 is divided by 0 + 6 + -4 - q.
30
Let i(c) = -4*c - 30. Let m be i(-14). Let v = m + -22. Calculate the remainder when v is divided by 3.
1
Let p = 93 - 89. Suppose -p*r + 79 = -37. Calculate the remainder when r is divided by 10.
9
Let t(q) be the first derivative of 10*q**3/3 - q**2 - q + 3. Let i be t(-1). Suppose -p + 3 = -i. Calculate the remainder when p is divided by 8.
6
Let h = 207 - 210. Suppose 5*l - 1 = 19. What is the remainder when -3 - (h - l) - -61 is divided by 17?
14
Suppose -2*d + 18 = -5*d. Let n(a) = -a + 2. What is the remainder when 98/6 + -2 + 2/d is divided by n(-2)?
2
Let h = 10 - 7. Suppose -1 - 2 = c, -h*c - 174 = -5*r. Calculate the remainder when r is divided by (1 + 0)/((-1)/(-9)).
6
Suppose 5*l - 31 = 9. Let w(k) = -2*k + 20. Calculate the remainder when 6 is divided by w(l).
2
Suppose y - 5*y = -24. Let g be y*1*(1 - 7). Let r = -17 - g. Calculate the remainder when 74 is divided by r.
17
Suppose -1066 = -112*q + 1062. What is the remainder when 50 is divided by q?
12
Calculate the remainder when 90 is divided by 963/535*2*5.
0
Suppose 16 = 2*y + u + 2*u, 3*y - 5*u + 14 = 0. Suppose -4*s + 10 = o - 3*s, 0 = y*s + 10. What is the remainder when (-1 + 9/(-2))*-8 is divided by o?
14
Suppose 0 = -5*g - 2*k - 0*k - 7, -4*g + 4*k = 0. Let v(w) = 19*w + 578. What is the remainder when v(-28) is divided by 4*(-1 - g*5)?
14
Let p = -1420 + 1438. What is the remainder when 242 is divided by p?
8
Let m(q) = -q + 14. Let i be m(14). Suppose -4*z + 3*d + 381 = 0, i = -3*z + 2*d + 264 + 23. Calculate the remainder when z is divided by 25.
24
Let p(v) = -v**3 + 16*v**2 + v - 15. Let u be p(16). Suppose -15 = -6*t + 3*t. Calculate the remainder when 1/(u + (-51)/54) is divided by t.
3
Let g be 75/3*(-3 - -2). Let p = g + 28. Suppose -i - 106 = -p*i. Calculate the remainder when i is divided by 28.
25
Calculate the remainder when (13 - 18)/((-3)/12) is divided by 8.
4
What is the remainder when (-2 - 6/(-4))*(-199 + 21) is divided by 25?
14
Suppose 4*p - 16 = 40. Suppose -p*v + 1 = -13*v. Calculate the remainder when 3 is divided by v.
0
Let j(k) = 17*k - 1. Let s(y) = 17*y. Let o(u) = 3*j(u) - 4*s(u). Let i be o(2). Let x = i + 58. Calculate the remainder when x is divided by 8.
5
Suppose 2 = q - 75. Suppose -74*x + 16*x = -155 - 1411. Calculate the remainder when q is divided by x.
23
Suppose l = -2*b - 1 - 3, -3*b - 6 = 0. Suppose l*s + 2*z = -5*s + 45, -2*s = 3*z - 18. What is the remainder when 15 is divided by s?
6
Let b = -32 - -47. Suppose -5*y = -2*q + 7, 3*q - y - 2*y = b. What is the remainder when 12 is divided by q?
0
Let n(w) = w**3 - 7*w**2 + 2*w - 1. Let q be 14/((3 + -4)*-2). Calculate the remainder when 51 is divided by n(q).
12
Calculate the remainder when (11/(220/(-30)))/(2/(-612)) is divided by 7.
4
Suppose 5*t = 2*u + 156, -5*t = -3*u - 172 + 13. Let o be 59/5 - 1/(-5). What is the remainder when t is divided by o/20 + 114/10?
6
Suppose 23*j - 21*j - 299 = -21*j. Calculate the remainder when 2/6 - 71/(-3) is divided by j.
11
Let d(l) = 16*l - 428. Calculate the remainder when 47 is divided by d(27).
3
Let d = -340 - -367. Calculate the remainder when 294 is divided by d.
24
Suppose -4*k + 2*j = -476, -3*k - 2*j = -346 - 11. Calculate the remainder when k is divided by 56.
7
What is the remainder when -3 - (1 - (130 - 1)/3) is divided by 21?
18
Suppose 35*b - 4284 = 2856. What is the remainder when b is divided by 11?
6
Suppose 0 = -5*b - 5*p - 13 + 193, 4*p = 4. Calculate the remainder when 134 is divided by b.
29
Let z(j) = -2*j + 90. Calculate the remainder when 361 is divided by z(19).
49
Let p(o) = 2*o - 1. Let f(w) be the first derivative of -w**4/4 - 13*w**3/3 + 13*w**2/2 - 12*w + 9. What is the remainder when f(-14) is divided by p(1)?
0
Suppose 0 = 3*k - 22 + 4. Let o(b) = -2*b + 16. Let t be o(6). Suppose -t*l = -87 - 29. What is the remainder when l is divided by k?
5
Suppose -60*s = -65*s - 3*m + 2502, -m = 1. Calculate the remainder when s is divided by 22.
17
Let w(i) = 5*i - 48. What is the remainder when 45 is divided by w(18)?
3
Let p = -2487 - -2534. What is the remainder when 76 is divided by p?
29
Let k = 326 - 180. What is the remainder when k is divided by ((-185)/10)/(2/(-4))?
35
Let d = -6 + 3. Let g = d - -11. Let f(i) = 41*i + 87. Calculate the remainder when g is divided by f(-2).
3
Let p(a) = 49*a**2 - 5*a + 1. Calculate the remainder when p(-1) is divided by 14.
13
Suppose 0 = -9*w + 14*w + 85. Let a = 28 + w. What is the remainder when (-4)/8 + (-81)/(-2) is divided by a?
7
Let l be (-1)/(-2) + (-54)/(-36). Let q = 10 + -7. Suppose q*y + b = 7 + 36, y = -l*b + 16. What is the remainder when y is divided by 5?
4
Let z be (-2 - -1)/((-1)/29). Suppose -r - i - 10 + z = 0, -2*i + 66 = 4*r. Let g = r + -7. What is the remainder when 19 is divided by g?
5
Suppose 161*h - 114 = 158*h. What is the remainder when h is divided by 20?
18
Let q = -210 + 99. Let k = q + 167. Let f = -26 + 45. Calculate the remainder when k is divided by f.
18
Suppose -6*n + 78 = -234. Let q(p) = -p**2 + 10*p - 6. What is the remainder when n is divided by q(6)?
16
Suppose 7*c - 4*c = 0. Suppose 3*s - 6 = 3*r, 0 = -s + 2*r - c*r - 2. Calculate the remainder when 23 is divided by s.
5
Suppose -g = -n + 2*n - 19, -135 = -5*n + 5*g. What is the remainder when 28 is divided by n?
5
Let k = 258 + -250. Calculate the remainder when 10 is divided by k.
2
Suppose -2*z + 3*z - 3 = 0. Suppose z*w = 2*c - 0*w + 1, -5*c = -w - 17. What is the remainder when 23 is divided by c?
3
Let n = -104 - -109. Suppose -5*g - 29 = -4*t + t, -2*t = -5*g - 11. Calculate the remainder when t is divided by n.
3
Suppose 0 = -f - 3*m - 18, 3*f + 43 = -5*m - 11. Let s = f + 5. Let p = -4 - s. What is the remainder when 15 is divided by p?
6
Suppose 4*b + 5*l = 2*b + 183, 5*b - 440 = 5*l. Calculate the remainder when b is divided by (230/(-25))/(2/(-5)).
20
What is the remainder when 43 is divided by (-35)/(-4) - -2 - (-6)/24?
10
Let v = -13 - -22. Let d = 3543 + -3502. What is the remainder when d is divided by v?
5
Let l(v) = 8*v + 51. What is the remainder when 76 is divided by l(-5)?
10
Let w(q) = q**3 - 9*q**2 + q - 14. Let s be w(9). Suppose -36 = -0*l - 4*l. Let x = s + l. What is the remainder when 13 is divided by x?
1
Let l = -180 - -301. Calculate the remainder when l is divided by (0 - 1 - 0)*-31.
28
Let a(p) = p**2 + 14*p + 34. Calculate the remainder when a(-13) is divided by 12.
9
Let g(v) = -7*v + 28. Calculate the remainder when 25 is divided by g(1).
4
What is the remainder when (36856/(-170))/(3/(-45)) is divided by 35?
32
Let x(z) = -4*z - 13. Let y = -18 + 25. Let t be 2/(-1)*(y - 2). Calculate the remainder when x(t) is divided by 7.
6
Suppose -101 = -5*z - 2*j, -5*j + 13 + 97 = 5*z. Calculate the remainder when 45 is divided by z.
7
Let a(u) = -u**3 - 4*u**2 - 3*u - 3. Let f(v) = v**2 - 5*v - 4. Let n be f(5). What is the remainder when 15 is divided by a(n)?
6
Suppose 0 = -2*m - 5 + 73. Calculate the remainder when 166 is divided by m.
30
Let q be 733/6 - 4/24. Let j = q - 34. Calculate the remainder when j is divided by 23.
19
Suppose 0 = -2*m, 2*v + 2*v + 2*m - 184 = 0. Let i = 65 - v. What is the remainder when 92 is divided by i?
16
Calculate the remainder when (11529/(-305))/((-6)/20) is divided by 44.
38
Let d(z) = -52*z - 98. Calculate the remainder when 22 is divided by d(-2).
4
Let o(v) = v**3 + 9*v**2 + 9*v - 1. Let k be o(-7). Let h = k - -11. Calculate the remainder when h is divided by 6.
3
Let p(s) = -s**3 + 86*s**2 + 98*s - 897. Let f = -681 + 976. Calculate the remainder when f is divided by p(87).
55
Suppose -30*f - 124 = -634. What is the remainder when 46 is divided by f?
12
Let o(s) = -5*s - 92 + 4*s + 84. Let b be o(-16). Suppose -19 + b = -m. Calculate the remainder when 42 is divided by m.
9
Suppose -5*v - 105 = -10*v. What is the remainder when (-1 - -10)*(-3 + 12) is divided by v?
18
Suppose 15630 = 17*k